*r = p. What is the hundreds digit of r?
1
Suppose 5*u - 9 = 2*u. Let o(d) = -6*d**2 + 10*d**3 - 264*d - 265*d - 272*d + 805*d - 3. What is the hundreds digit of o(u)?
2
Let n = -101 - -294. Suppose -1169 = -3*q + 5*h, -5*h = -4*q + 1374 + n. What is the units digit of q?
8
Let o(s) = 39*s - 206. Let h(p) = -6*p. Let g(w) = -4*h(w) - o(w). What is the units digit of g(12)?
6
Let a(c) = -30*c**2 + 8*c - 15. Let h be a(2). What is the hundreds digit of (-103278)/h - (-6)/51?
8
What is the ten thousands digit of (-4 - (-237244)/42)/((-1)/(-3))?
1
Let n(f) = f**2 + 17*f - 15. Let o be n(-18). Suppose o*g = 6*g - 6. Suppose -g*k + 48 = -84. What is the tens digit of k?
6
Let r = -76 - -116. Let c = 106 + r. Let q = c + -4. What is the units digit of q?
2
Let a(q) = -2*q**2 + 14*q - 32. Let m be a(8). Let z be -16*(-2*1)/(m/(-30)). What is the tens digit of 51 - (z/(-4) + 2)?
5
Let q = -90 - -95. Suppose -q*t + 2*w + 972 - 15 = 0, -w = -5*t + 956. What is the units digit of t?
1
Let x(q) = -846*q**3 - 8*q**2 - 35*q - 201. What is the units digit of x(-4)?
5
Let t(r) = r**3 - r**2 - 17*r - 13. Let a be t(-10). What is the tens digit of 16/20 + (-144)/30 - a?
3
Suppose 61 = 5*y + 4*u - 2*u, 0 = -2*y - 4*u + 18. Let k(a) = a**2 - 9*a - 25. Let j be k(y). Suppose j*m = 25*m + 66. What is the tens digit of m?
3
Suppose p - 5*p = 4, -40 = -d + p. Let o = d - 37. Suppose 0 = 3*n - 4*x - 17, 2*n - 2 = -4*x + o*x. What is the units digit of n?
3
Let a = -440 - -443. Suppose a*j = 5*l + 1262, -j + 418 = -l + 2*l. What is the hundreds digit of j?
4
Let m(l) = -l**3 - 14*l**2 + 3*l + 47. Let c be m(-14). Suppose c*a = 273 + 2572. What is the tens digit of a?
6
Let y be (-30)/(-20) + 79/2. Suppose -20 = 5*g, -i = -5*g + 5 - y. Suppose -u + 3*c = -0*c - 22, u = c + i. What is the tens digit of u?
1
What is the tens digit of 334689/24 + -2 - (-15)/(-40)?
4
Let s be ((-12)/9 + 1)/((-4)/25116). Suppose 3*f + 7*w = s, 5*f - 4*w - 551 = 2906. What is the hundreds digit of f?
6
Let g = -13 - -15. Suppose 3*b = 4 + g. Let h(t) = 13*t - 7. What is the units digit of h(b)?
9
Suppose 4*u + 20 = 8*u. Suppose 2*z - z = -u*k + 508, -312 = -3*k + 3*z. Let y = -23 + k. What is the tens digit of y?
7
Let g be (10 + -7)/((-2)/((-2316)/9)). Let j = 701 + g. What is the units digit of j?
7
Let p(l) = 561*l - 952. What is the hundreds digit of p(30)?
8
Let i(y) = 3*y**2 + 139*y - 42. What is the units digit of i(-83)?
8
Suppose -234*p + p = 54*p - 896875. What is the hundreds digit of p?
1
Suppose 0 = -4*i + 3*i - 3*p - 7, 3*p + 13 = 2*i. Suppose -z = i*z - 654. Suppose 0 = 4*v - 5*g - z, -212 = -6*v + 2*v + 2*g. What is the tens digit of v?
5
Let g(y) be the third derivative of -5*y**4/3 - 11*y**3/6 - 9*y**2. Let u(x) = 5*x**3 - 2*x**2 + 2. Let c be u(-1). What is the units digit of g(c)?
9
Suppose 4665 = 4*t - 3*d, 0 = 5*t - d - 0*d - 5834. Let s = t - 628. What is the tens digit of s?
3
Suppose 38820 = -13*s + 33*s. Suppose -3*j + 14*u + s = 13*u, 5*j + 5*u = 3215. What is the units digit of j?
6
What is the tens digit of (-916 - 3)/(41/(-82))?
3
Let u be 8 + -4 + 21/(-7). What is the hundreds digit of u/(6*(-8)/(-61872))?
2
Suppose -5*z + 2*k = k - 48663, 5*z = 2*k + 48661. What is the thousands digit of z?
9
Suppose -4*t = 6 - 18. Suppose -t*h = 5*o - 2591, -2*o + 1046 = 2*h - 4*h. What is the tens digit of o?
2
What is the tens digit of (180638 + (-253)/11)*2/6?
0
Suppose -82389 = -5*n - 4*i, 129*n - 125*n = 2*i + 65880. What is the thousands digit of n?
6
What is the hundreds digit of -159 + 8715 + 6/(2*1)?
5
Let h(s) = -1245*s - 1086. What is the thousands digit of h(-6)?
6
Let p = -452 - -456. Suppose -p*c = 4*u - 3116, 15 = 2*c - 7*c. What is the units digit of u?
2
Let o(u) = 222*u**3 + u**2 + 2*u - 2. Suppose -5 = 40*d - 45*d. What is the units digit of o(d)?
3
Suppose 0*t = t + 22. Let u = -7 + t. Let w = 59 - u. What is the tens digit of w?
8
Let j = 19472 + 10711. What is the thousands digit of j?
0
Let o(g) = 2*g + 9*g**3 + 5*g**3 - 23*g**3 + 6 + 14*g**2 + 10*g**3. What is the units digit of o(-11)?
7
Let f = 15382 - 5985. What is the hundreds digit of f?
3
Suppose -4*o - b + 14389 = 0, -2891 = -2*o - 4*b + 4307. Suppose 32*x - 29*x = o. What is the tens digit of x?
9
Let v = -57429 - -104957. What is the ten thousands digit of v?
4
Suppose 32*z + 216*z - 1555806 = 10*z. What is the thousands digit of z?
6
Let y = 267 + -244. What is the units digit of ((-82)/4)/(y/(-138))?
3
Let j(f) be the first derivative of -22 + 219*f + 1/2*f**2 + 5/3*f**3. What is the hundreds digit of j(0)?
2
Suppose 83*y - 78*y + 5*z - 68495 = 0, 0 = -4*z. What is the units digit of y?
9
Suppose 845495 = 61*q - 32*q. What is the thousands digit of q?
9
Suppose -131*y = -126*y - 25. Suppose -y*u = -76 - 434. What is the tens digit of u?
0
Let g = -4 + 6. Let c be ((-102)/(-24) - 0)/(g/16). What is the tens digit of (-372)/(-11) - 1 - c/(-187)?
3
Let w = 121669 + -82197. What is the units digit of w?
2
Let n(h) = 155*h - 207. Let d(j) = 154*j - 204. Let g(x) = -3*d(x) + 2*n(x). What is the units digit of g(-7)?
2
Let f(h) = -12 - 19 + 22 + h**2 - 2*h. Let t be f(-3). Suppose 0 = 8*k - t*k, -4*k = -4*j + 1240. What is the units digit of j?
0
Let m be (0 + (-2 - -2))*(-4)/(-4). Suppose m = 10*h + 9*h - 5377. What is the hundreds digit of h?
2
Let o = 149 + -144. Suppose -5 = -4*d + 3. Suppose d*m + o*m - 63 = 0. What is the units digit of m?
9
Let m be 7 + -5 + 35/(-7). What is the hundreds digit of m + (-24)/(-10) + (-5465)/(-25)?
2
Let a be (-1084)/(-3) + (-25)/(-15) + -1. Let k = a - 108. What is the tens digit of k?
5
Let b be 44/(-28) + (-9)/21. Let g be (-21)/(-15) + b + (-26)/(-10). Suppose g*w + 3*h = 254, 0 = 2*w - 0*w + h - 254. What is the tens digit of w?
2
Let b(v) = 32*v + 17. Let t be b(3). Suppose -t = f - 185. What is the units digit of f?
2
Suppose 2*h - 4*s + 2830 = 15358, 2*h + 3*s - 12570 = 0. What is the units digit of h?
6
Suppose 0 = z + d - 38935, -3*z + 64310 = -4*d - 52551. What is the ten thousands digit of z?
3
Suppose 46*v - 3*q = 43*v + 22938, 22948 = 3*v - 5*q. What is the units digit of v?
1
Let p = 7973 - 438. What is the units digit of p?
5
Let t be (200/160)/(6/80)*120. Suppose t - 455 = 3*o. What is the hundreds digit of o?
5
Let q(n) = 12*n + 2. Let x be q(-1). Let r = -758 - -759. What is the tens digit of (x/(-40))/(r/652)?
6
Suppose -2*x + 4 + 16 = 0. Let p = 59 - x. Let m = p - -70. What is the tens digit of m?
1
Suppose -18*o + 26 = -22*o + 5*n, -2*o - 16 = -4*n. What is the units digit of (-13)/(91/147)*o?
4
Let j(r) = r**3 + r**2 - 31*r + 7. Let s be j(5). Suppose -s*z + 635 - 55 = 0. What is the tens digit of z?
9
Let x be -1 + ((-4)/(-26) - 2720/(-65)). Suppose -x*u + 6230 = -34*u. What is the hundreds digit of u?
8
Let d(c) = -c**3 + c**2 - 3*c + 3. Let x = -12 + 17. Let j be d(x). Let z = j + 237. What is the units digit of z?
5
What is the hundreds digit of ((-4063180)/(-35))/23 + (-3)/7?
0
Let u = 9 + 269. Let t = u - 81. What is the tens digit of t?
9
What is the hundreds digit of 52658 - (2 + -6) - 180/(-30)?
6
Let v(p) = 1480*p + 2923. What is the ten thousands digit of v(6)?
1
Suppose -2*o + 3639 = d, -23*d = -19*d - 2*o - 14556. What is the hundreds digit of d?
6
Let a = 7099 - 4298. What is the tens digit of a?
0
Let d be (1/(-3))/(6*(-2)/(-72)). Let s be (84/(-49))/(d/49). Suppose s = 6*f - 684. What is the hundreds digit of f?
1
Suppose 1 = -5*y + 2*y - 4*p, 5*y - 3*p = 8. Let k(w) = 16 + 52*w - 7 - 14. What is the units digit of k(y)?
7
Suppose 2*m + 500 = 5*d - 61, 2*d = 4*m + 234. Suppose 4*w + 69 + 63 = 0. Let j = d + w. What is the tens digit of j?
7
Let q(d) = 2*d**3 + 4*d - 2. Let r be q(-4). Let y be -2 + r + 4 + (3 - 4). Let l = 205 + y. What is the tens digit of l?
6
Let i = 532 - 1550. Let m = -523 - i. What is the units digit of m?
5
Suppose -a + 3*g + 13 = 0, -7 = -5*a + a - 3*g. Suppose -a*z = o - 17954, 0 = 5*z - 4*o + o - 22434. What is the tens digit of z/55 + 6/(-10)?
8
Let x be 5/15*9 + -739. Let k = x + 1089. What is the tens digit of k?
5
Let v(t) = -1106*t + 22. Let j be v(2). What is the tens digit of ((-20)/12)/(5/j*2)?
6
Suppose -2*h + 33468 = 4*d, 16739 = 47*h - 46*h + d. What is the ten thousands digit of h